
Let c = -39 - -55. Suppose -4 - 4 = -u - 4*m, 4*m - c = u. What are the prime factors of 0 + 0/u - -109?
109
List the prime factors of (2496/(-4))/(15/(-140)).
2, 7, 13
Let h = 477 - 477. Suppose 5*l - 3*l - 2*k - 1650 = h, -l = -2*k - 828. List the prime factors of l.
2, 3, 137
Suppose q - 5*z - 28 = 0, -33 = -4*q + 4*z - 1. Suppose 0 = 3*a - 6*a - 2*t + 1331, -q*a + 4*t = -1325. What are the prime factors of a?
443
Suppose 4*d = 4*x - 96511 - 82517, -x + 44761 = -5*d. List the prime factors of x.
2, 67, 167
Suppose 2*o - 5 = -19. Let j = o - -7. Suppose j = -m + 17 + 46. What are the prime factors of m?
3, 7
Suppose 27*m - 89373 = 114423. What are the prime factors of m?
2, 3, 17, 37
Suppose 66440 = 5*t + 5*c, -65*t = -61*t - c - 53152. List the prime factors of t.
2, 11, 151
Let q(a) = -6 + 6*a**2 + 24*a**3 + 7*a**2 + 8*a + 24 - 23*a**3. Suppose -3*s - 2 - 14 = -4*g, -4*s - g = 53. What are the prime factors of q(s)?
2, 3, 11
Let s be (-1 - -6) + (1 - 1). Suppose 4*b = 5*a - 10, s*a - 10 = -b + 2*b. Suppose -a*d = 2*f - 6*d - 68, 0 = 4*d - 12. What are the prime factors of f?
2, 5
Let d = -48892 - -107487. What are the prime factors of d?
5, 11719
Let z = -90 - -102. Suppose -z*n + 12 = -6*n. Suppose 0 = -n*g + 2*r + 508, -8*r - 760 = -3*g - 3*r. What are the prime factors of g?
3, 5, 17
Suppose 5*m + 24 = t + 2, 0 = -m - 4. Let q(r) = 5*r**2 - r**t - 79*r + 80*r - 7. What are the prime factors of q(-4)?
53
Suppose 5*k = 3*t - 17062, -2*t = -3*k - 8618 - 2755. What are the prime factors of t?
3, 631
Let b(k) = k**2 - k - 2. Let d be b(1). Let v = d + -14. What are the prime factors of (-172)/10*(v - -11)?
2, 43
Suppose 159 = 4*a + 155. List the prime factors of (15/(-10) + a)*-154.
7, 11
Suppose 9*g = -5954 + 56399. What are the prime factors of g?
5, 19, 59
Let v(q) = 223*q**3 + 4*q**2 - 2. Let n be v(1). Suppose 8*l - 266 = 10*l. Let g = n + l. List the prime factors of g.
2, 23
Let i = -222 + -261. Let p = -287 - i. What are the prime factors of p?
2, 7
Let v = -7118 + 52069. List the prime factors of v.
79, 569
List the prime factors of (28/(-16))/7 + ((-11172)/(-16) - 5).
3, 7, 11
Let d = -628 + 624. What are the prime factors of 340*(1 + (-6)/d)?
2, 5, 17
List the prime factors of (27 - 13) + 23508 - -8.
2, 5, 13, 181
Let y(o) = 124*o**2 - 2 + 12894*o - 12897*o + 107*o**2. List the prime factors of y(-1).
2, 29
Suppose 314 + 347 = m. Suppose -4*d + h - m = -2630, 4*d + 2*h - 1978 = 0. What are the prime factors of d?
17, 29
Let a = 5629 + 3383. What are the prime factors of a?
2, 3, 751
Let r(h) be the second derivative of 7*h**4/3 + h**3/6 - h. Let k(y) = -y**2 - 33*y - 240. Let w be k(-11). List the prime factors of r(w).
2, 3, 19
Let m(u) = -87 + 761*u**2 - 2*u + 9*u - 760*u**2. What are the prime factors of m(-21)?
3, 23
Suppose -24*r + 9*r + 990 = 0. Suppose 0 = 49*o - r*o + 25925. List the prime factors of o.
5, 61
Let x(u) = u**3 + 9*u**2 + 8*u - 9. Suppose -3*n + 8*n - 3*l = 41, -3*n - 5*l + 11 = 0. Suppose -n = -38*y + 39*y. List the prime factors of x(y).
3, 11
Suppose 8*d + 4 = 9*d. Suppose -4*u + 4*z + 32 = -u, d*z = -5*u. Let g(v) = 18*v + 4. What are the prime factors of g(u)?
2, 19
Let g(r) be the second derivative of r**5/20 - r**4/2 + r**3/2 + 17*r**2 + 146*r. What are the prime factors of g(11)?
2, 3, 7
Suppose 0 = 8*p - 27 - 61. Suppose 245 = -p*g + 10123. What are the prime factors of g?
2, 449
Let n be 61 + -4 + (3 - 1). Let y = n - 63. List the prime factors of (-25 - -10)/(3/y).
2, 5
Let m(t) = 6*t**3 - t**2 + t - 1. Let k be m(1). Suppose 0*q + 30 = -k*q. Let c = 43 + q. List the prime factors of c.
37
Let q(d) = 107*d**2 - 736*d - 25. List the prime factors of q(12).
6551
Suppose 4*s = 5*d - 24425, 47*s + 15 = 44*s. What are the prime factors of d?
3, 1627
Suppose -5*h + 176 = u - 696, -h = 3*u - 2700. List the prime factors of u.
2, 11, 41
Let o(r) = 274*r**2 - 10*r - 18. Let u be 7/(35/(-15)) - -1. What are the prime factors of o(u)?
2, 3, 61
Let x(j) = -9*j**3 - 2*j**2 + 2*j - 1. Let s be x(1). Let i(z) = -z**3 - 9*z**2 + 10*z - 3. Let w be i(s). List the prime factors of w - (4/6 - 148/6).
3, 7
Suppose 34 = j - 13. Suppose 5*v - 4*f = -j, 2*f = 3*v + 32 - 5. What are the prime factors of ((-2)/(-2))/(v/(-889))?
127
Suppose 2*a = -4*f + 34480, -3*a - 3*f + 12341 + 39397 = 0. What are the prime factors of a?
2, 19, 227
Let s(f) = f**3 - 13*f**2 + 19*f - 34. Let q(d) = 14*d - 29. Let z be q(3). What are the prime factors of s(z)?
3, 71
Let u(g) = -7*g + 43. Let s be u(7). What are the prime factors of -2*(4/s)/(140/4305)?
41
Let w(o) = -4*o + 24. Let v be (3/5)/((-17)/(-170)). Suppose 0 = -2*d - 12 - v. List the prime factors of w(d).
2, 3, 5
Let h be (-178)/801*(-9 + -1 + 1). List the prime factors of (1/h)/(0 - 9/(-1494)).
83
Let f(c) = c - 1. Let b(y) = -38*y - 8. Let z(q) = b(q) + 5*f(q). Let p(v) = -132*v - 52. Let n(i) = -2*p(i) + 9*z(i). List the prime factors of n(-3).
2, 43
Let q = 195936 + -105270. What are the prime factors of q?
2, 3, 23, 73
Let z be -1 - -2 - (-6 - 3). Let a(j) = j**3 - 10*j**2 + 7*j + 1. Let o be a(z). Suppose 3*c - 112 = o. List the prime factors of c.
61
Let n be 54 - (-12)/2*(-3)/(-6). Suppose 0 = 55*p - n*p. Suppose 2*y = -p*y, -2*y = 4*d - 936. List the prime factors of d.
2, 3, 13
Let c(r) = 4144*r**2 - 242*r + 5. List the prime factors of c(4).
19, 181
Suppose -15*o + 15209 = -11026. List the prime factors of o.
3, 11, 53
Let t = 29929 - 16809. Suppose 6*r - t = -4*r. List the prime factors of r.
2, 41
Suppose -6*z - 5*w + 865 = 0, 0 = 3*z - 0*z + w - 425. Let p = 169 - z. What are the prime factors of p?
29
List the prime factors of 3*(-1)/(-9) + (-20 - 2704639/(-69)).
2, 19, 1031
Let u = 143 + -128. List the prime factors of u/6 + (-3675)/(-10).
2, 5, 37
Suppose 0 = -41*p + 37*p + 16. Suppose 3138 - 346 = p*k. List the prime factors of k.
2, 349
Let w(i) = -7*i**3 + 2*i**2 + 2*i + 46. Let f be w(-6). Let r = 2617 - f. What are the prime factors of r?
3, 37
Suppose 0 = 14*t + 2066 - 21274. List the prime factors of (-21)/(-35) + t/5.
5, 11
Suppose -130*l + 1470744 = -58*l. What are the prime factors of l?
3, 11, 619
Let a = 8491 - 3383. What are the prime factors of a?
2, 1277
Let j(z) = 17*z**2 + 2*z. Let t be j(-7). Let h = 3649 - 3635. Suppose -t = -h*b + b. What are the prime factors of b?
3, 7
Suppose 4*b + 496085 = 51*b. What are the prime factors of b?
5, 2111
Suppose -3*f = -m + 1026, 3*m - 7*f + 2*f = 3074. Suppose -1147 - m = -10*y. What are the prime factors of y?
7, 31
Let x = -757 + 1136. Suppose -v - 4*j = -x, v - 4*j + 742 = 3*v. What are the prime factors of v?
3, 11
Let t = -29 + 31. List the prime factors of (-5232)/(-9) + t/(-6).
7, 83
Suppose 0 = x - 11*z + 12*z - 1676, 0 = 2*x - 4*z - 3370. List the prime factors of x.
23, 73
Let m(r) = r**3 - 10*r**2 - r + 4. Let i be 69/7 - 2/(-14). Let d be m(i). What are the prime factors of (-10)/((-20)/d) - (-42)/1?
3, 13
Let k = 4456 + -2795. What are the prime factors of k?
11, 151
Let t(d) = 6142*d + 1070. What are the prime factors of t(2)?
2, 11, 607
Suppose -o + 918 + 10063 = k, 5*o + 10987 = k. What are the prime factors of k?
2, 17, 19
Let q(o) be the first derivative of -5*o**2 + 8 - 129*o + 119*o + 5. List the prime factors of q(-8).
2, 5, 7
Suppose w + 12 = 3*w. Suppose 16 = w*v - 2*v. Suppose v*k - 3*f = 3*k + 46, -4*f = -2*k + 98. What are the prime factors of k?
5, 11
List the prime factors of (-10 + 100/5)*(-5)/10 - -20156.
3, 2239
Let m = -4524 - -48352. List the prime factors of m.
2, 10957
Let a = 9641 - -14254. List the prime factors of a.
3, 5, 59
Suppose 0 = 3*f - 58 - 47. Let h = 73 + f. Suppose -15*t + 13*t = -h. List the prime factors of t.
2, 3
Suppose -w + 2 = 5, -5*z - 2*w - 601 = 0. Let g = z + 215. Let j = g - 38. List the prime factors of j.
2, 29
Let t = 74239 - -3297. List the prime factors of t.
2, 2423
Let g(h) = h**3 + 6*h**2 - h - 1. Suppose 3*n + 26 = 8. Let j be g(n). Suppose 72 = u - j*f, -4*f + 65 = 5*u - 266. List the prime factors of u.
67
Suppose 50 = 6*m + 4*m. Suppose 5*o - x - 1299 = 0, o + 3*o = m*x + 1056. What are the prime factors of o?
7, 37
Let o(u) = u**3 - 7*u**2 + u + 6. Let z be o(6). List the prime factors of z/32 + 3478/8.
2, 7, 31
Let w(p) = p**2 